umber?
True
Let i be (0 - (-1)/2)*6. Suppose -5*m + 25 = 5*n, 5*m = -n + 3*m + 8. Suppose -2939 = -i*o + n*o. Is o a prime number?
True
Let v = -30865 + 74514. Is v a prime number?
True
Let c be ((3/(-2))/(-3))/(-1)*-20. Is 4/c + 10915/25 a composite number?
True
Let t = 6131 + -976. Is t prime?
False
Let p(x) = -10*x - 1. Let z(w) = -9*w - 1. Let o(s) = 7*p(s) - 6*z(s). Suppose 5 + 3 = -m. Is o(m) composite?
False
Let v(k) = 118*k**2 - 5*k + 139. Is v(-10) composite?
True
Suppose f - 5*f = 3*a + 4, -a + 4 = 4*f. Let i(c) = -146*c + 3. Is i(a) a prime number?
True
Let d(f) = f**2 - 8*f + 9. Let w be d(7). Let z(k) = 16*k**2 + 5*k**2 - 4 - 8 - 14*k**w. Is z(11) a composite number?
True
Let p = 7065 + -1884. Suppose -3*j + p = -0*j. Is j prime?
False
Let g be (12/8)/(1/7402). Suppose -13*n + 13636 = -g. Is n a prime number?
False
Let l = 0 + 3. Suppose -5*t + l*g - 2*g = -188, 3*g = -3*t + 120. Suppose -t = -3*j + 7. Is j prime?
False
Let k = -36634 + 59273. Is k a composite number?
False
Let o(a) = -3*a + 59. Let v be o(0). Let m = v + 1302. Is m composite?
False
Let a be (2 - 0 - 0)*3. Let o be 21*(-2 + 64/a). Suppose -z = 2*z - 4*s - o, 5*s - 67 = -z. Is z composite?
True
Let l(c) = c**2 - 6. Let p be l(0). Let h(y) = -y**2 - 4*y + 4. Let w be h(p). Is ((-28)/w)/(-1)*-2 a composite number?
False
Let a = 3326 - -19287. Is a a composite number?
False
Let h(c) = 1410*c**3 + c**2 - 2*c. Is h(1) composite?
False
Is (-223398)/(-14) - (0 - 2) a composite number?
False
Let l = -3708 - -6211. Is l a composite number?
False
Suppose -3*i + 0 = 24. Is (2 + 30/i)/(2/(-904)) composite?
True
Suppose -v = -42 - 5525. Is v a composite number?
True
Let t = -10358 + 15892. Is t composite?
True
Suppose -2*i - 10 = 0, -5*a + 7622 = 2*i - 6358. Is a a prime number?
False
Let n(q) = 2*q**2 + 49*q + 55. Let w be n(-23). Let a be -6*(-141)/6*1. Let k = w + a. Is k a composite number?
False
Suppose 2*r - 5*r = 12, 3*r = -4*m - 2080. Let d = 1940 + m. Is d a prime number?
True
Let v(y) = -y**3 - 8*y**2 - 8*y + 5. Let s be v(-7). Let o(h) = -h**3 + 13*h**2 - 11*h - 10. Let l be o(s). Is l + -1 - (-480)/10 a composite number?
True
Is (-8)/1 + (-30)/(-15) - -1177 a prime number?
True
Suppose -4 + 0 = 2*u. Is u - 1/2*-326 a prime number?
False
Let k = -18 + 23. Let o = 511 - -141. Suppose -5*n - 123 = -k*j + o, 3*j - 2*n = 465. Is j prime?
False
Let z(r) = -r**2 + 10*r - 13. Let v be z(9). Let w be -2*(14/v + 2). Suppose -u - w*u = -1756. Is u a prime number?
True
Let t = 2712 - 1875. Let i be (-4)/(-2) + -1 + (2 - -2). Suppose -118 - t = -i*y. Is y a prime number?
True
Let j be 54/10 - (-6)/(-15). Suppose -j*o + 907 = -288. Is o prime?
True
Let n(k) = 6*k**2 + k + 24. Is n(11) prime?
True
Suppose 4*o = 2*x + 332, 4*x = o - 2*o + 92. Suppose -2*r - o = -1258. Is r a composite number?
False
Let d = -506 - -360. Let c = -115 - -60. Let u = c - d. Is u a prime number?
False
Let z = 6171 + -2230. Suppose -z + 532 = -7*c. Is c prime?
True
Let x = -128 + -244. Let b be x + 0 + -3 + 4. Is (-3)/(12/(-8)) - b prime?
True
Let o = -75 + 79. Suppose 3*h + 1672 = -1574. Is (18/(-4) + o)*h composite?
False
Suppose -39*u + 1368182 + 160969 = 0. Is u a prime number?
True
Suppose -3535 = 117*m - 124*m. Is m a prime number?
False
Suppose -2*g + 3*l = -5*g - 30, -35 = 4*g + 3*l. Is 46806/30 - 4/g a prime number?
False
Let z be ((556/6)/2)/(11/(-165)). Let c = z + 1737. Is c prime?
False
Suppose 5*f = 45 + 35. Let z = f + 49. Is z a prime number?
False
Let b(o) = 225*o**2 - 2*o - 2. Is b(3) a prime number?
True
Let k = 8040 - 4253. Is k prime?
False
Suppose -2*d - 8 = 0, 4*v - 44 = 4*d - d. Suppose m + 4*m + 472 = 3*o, 4*m + v = 0. Suppose -3*p + 59 = -o. Is p a composite number?
False
Suppose 1 + 3 = v. Suppose -5 = -k + v*h, 6*k - 5*h = k + 40. Is 2/(-9) + 3611/k a composite number?
False
Let m = 1779 + 668. Is m composite?
False
Suppose -1331 = -2*w + 2071. Suppose 0 = 3*t - w - 2490. Is t a prime number?
False
Suppose 5*h - 55147 = -4*t - 6880, 0 = 5*h + t - 48273. Is h a composite number?
True
Let n = 913 + -512. Suppose -3*z = -o + 408, 0 = 3*z - 3*o + 322 + 86. Let i = n + z. Is i a prime number?
False
Suppose 5*p + 20482 = 7*p + 2*o, 0 = 5*p - 3*o - 51221. Is p composite?
False
Let z(n) = 13*n**3 - 80*n**2 - 115*n + 101. Let u(v) = 3*v**3 - 20*v**2 - 29*v + 25. Let a(m) = -9*u(m) + 2*z(m). Is a(21) a composite number?
True
Let g = 14 - 12. Suppose 0 = -6*x + g*x. Suppose u + 5*m - 313 = x, -2*m + 4 = -m. Is u composite?
False
Let s = 1669 + 9310. Is s composite?
False
Let w(f) = 3*f - 13. Let u be w(16). Suppose -c + 122 = u. Is c prime?
False
Let l(j) = 20*j**2 + 8*j - 29. Is l(7) prime?
False
Suppose -19*v + 404112 = 29*v. Is v a prime number?
True
Let p(u) be the third derivative of -u**6/120 + u**5/10 + 5*u**4/12 - u**3 + 25*u**2. Is p(7) composite?
True
Suppose s - 41583 = -2*m, 5*s + 41044 + 509 = 2*m. Is m a prime number?
True
Let n(c) = 4206*c**3 + 2*c**2 + 4*c - 5. Is n(1) a composite number?
True
Suppose 0 = 7*r + 5*r - 172716. Is r a prime number?
False
Is ((-17994)/(-15))/(-7*(-8)/140) a composite number?
False
Let u = -10407 + 22376. Is u a composite number?
False
Let z = -170 - -411. Let h = z - 86. Is h a prime number?
False
Let v = -186 + 3134. Suppose 3*u = 1369 + v. Is u a composite number?
False
Suppose -14743 = -5*u + 3*i, 2939 = 23*u - 22*u - 3*i. Is u composite?
True
Is 30/(-45) + (-6389)/(-3) - 0 a composite number?
False
Let g be 12/(-42) + 772/7. Suppose 58 + g = -y. Let d = y - -311. Is d prime?
False
Suppose -282579 = -3*d - 3*s, 5*s = 166*d - 164*d - 188400. Is d prime?
False
Let o = 17 + -12. Suppose -o*v = -0*v + 895. Is 3/((-12)/4)*v a prime number?
True
Suppose 10*x + 71 = -9. Is (-30580)/x - (2 + 3/(-6)) a composite number?
False
Let l be (-20)/6 - 6/(-18). Let b = l - -3. Suppose 5*f = 2*w - 51, w - 3*w + 3*f + 61 = b. Is w prime?
False
Suppose 2*c - 114 + 106 = 0. Let h(k) = -k**2 + 4*k + 2. Let z be h(4). Suppose t - 8 = -z*j + 9, c*j - 19 = -5*t. Is j prime?
True
Suppose -2*u + 1176 = -5*i, 8*u - 11*u = -2*i - 1753. Is u a composite number?
True
Suppose 74*k - 4011 = 67*k. Is k composite?
True
Let l = 15 - 12. Suppose -l*q + 412 = -2. Suppose d + d = q. Is d composite?
True
Let b(c) = -c**3 + 6*c**2 - 9*c + 6. Let z be b(4). Is z/6 + (-800)/(-12) a prime number?
True
Suppose -2*n - y + 3 = 0, 0 = -2*n + n + 5*y + 18. Suppose -n*m = -10*m + 609. Is m composite?
True
Let t(o) = -42256*o - 41. Is t(-1) prime?
False
Let z(j) = -849*j**3 - 2*j**2 - j + 2. Let r be z(-2). Let t be r/12 - (-2)/(-3). Suppose y - t = -0*y. Is y composite?
True
Let x(w) be the first derivative of 40*w**3/3 - 7*w - 7. Let c be x(7). Suppose -c = -z + 380. Is z a composite number?
False
Let p be 0/(6*1/3). Is (p + -25)/(-5)*41 a composite number?
True
Let z = 11645 + -7754. Is z a composite number?
True
Let c = -89 + 84. Let q(b) be the third derivative of -23*b**4/8 + b**3/3 - b**2. Is q(c) composite?
False
Let r(w) = 111*w - 2. Let d be r(5). Suppose -20 = b - d. Is b a composite number?
True
Let v(r) = 68*r**3 - 2*r**2 + 5*r - 5. Let n(o) = 16*o**2 + 3*o + 3. Let s be n(-1). Let c be (-6)/9 + s/6. Is v(c) a composite number?
False
Let y(s) = 19*s**2 - 10*s + 10. Is y(1) composite?
False
Suppose -281*g = -241*g - 3295480. Is g a composite number?
False
Let o(v) = 1438*v**2 - v - 5. Is o(-2) a composite number?
False
Let i(q) = q**3 + 6*q**2 + 5*q - 4. Let z be i(-5). Let n be ((-8)/(-14))/(z/(-14)). Suppose 0 = -n*t + 56 + 242. Is t a composite number?
False
Is (43 - 72)*(-254 + 3) prime?
False
Let u = -1363 + 3312. Is u prime?
True
Let t(r) = -11*r**3 + 8*r + 22. Is t(-9) composite?
True
Suppose 378 = 5*l + a, 2*a = -3*a + 15. Suppose 0 = -3*q - 2*q + 800. Let k = q - l. Is k a composite number?
True
Let a(c) = -c + 4. Let f be a(4). Suppose 4*h - w - 1287 = f, 4*w + 2421 = 5*h + 804. Is h a prime number?
False
Let x(i) = -i**3 + 2*i**2 + 4*i - 3. Let q be 3*(4 + (-2 - 1)). Let s be x(q). Suppose 3*y - y - 190 = s. Is y a composite number?
True
Let u(m) = 57*m**3 + 2*m**2 - 4*m + 22. Is u(5) prime?
True
Let o = -9485 - -48384. Is o composite?
True
Let x = 2355 - 202. Is x a prime number?
True
Suppose -6 = -3*i + 4*i. Let c(x) be the second derivative of -14*x**3/3 - 5*